{"id":134,"date":"2017-11-02T04:27:57","date_gmt":"2017-11-02T04:27:57","guid":{"rendered":"https:\/\/dulich.mauwebwp.com\/019\/?post_type=product&#038;p=134"},"modified":"2018-12-19T02:51:56","modified_gmt":"2018-12-19T02:51:56","slug":"tour-thai-lan-4-ngay-3-dem-gia-re","status":"publish","type":"product","link":"https:\/\/dulich.mauwebwp.com\/019\/tour-thai-lan-4-ngay-3-dem-gia-re\/","title":{"rendered":"Tour du l\u1ecbch Nh\u1eadt B\u1ea3n m\u00f9a hoa anh \u0111\u00e0o"},"content":{"rendered":"<div class=\"lich_trinh_title other_news_title\">\n<div class=\"title\">Th\u00f4ng tin tour<\/div>\n<p><strong>Gi\u1edbi thi\u1ec7u:<\/strong><\/p>\n<ul>\n<li>Th\u1eddi gian h\u1ee3p l\u00fd, kh\u00f4ng khi\u1ebfn du kh\u00e1ch qu\u00e1 m\u1ec7t m\u1ecfi.<\/li>\n<li>T\u1eadn h\u01b0\u1edfng Nh\u1eadt B\u1ea3n m\u1ed9t c\u00e1ch tr\u1ecdn v\u1eb9n t\u1eeb nh\u1eefng v\u1ebb \u0111\u1eb9p n\u01a1i th\u00e0nh ph\u1ed1 Kyoto l\u00e3ng m\u1ea1n t\u1edbi th\u1ee7 \u0111\u00f4 Tokyo hi\u1ec7n \u0111\u1ea1i.<\/li>\n<li>Nh\u00ecn ng\u1eafm v\u00e0 ch\u1ee5p \u1ea3nh v\u1edbi n\u00fai Ph\u00fa S\u1ef9, bi\u1ec3u t\u01b0\u1ee3ng c\u1ee7a \u0111\u1ea5t n\u01b0\u1edbc Nh\u1eadt B\u1ea3n.<\/li>\n<li>C\u01a1 h\u1ed9i tr\u1ea3i nghi\u1ec7m Hoa anh \u0111\u00e0o v\u00e0o th\u1eddi \u0111i\u1ec3m \u0111\u1eb9p nh\u1ea5t.<\/li>\n<li>Ng\u00e2m m\u00ecnh trong nh\u1eefng h\u1ed3 n\u01b0\u1edbc n\u00f3ng \u0111\u00e1nh tan m\u1ec7t m\u1ecfi v\u00e0 c\u1ef1c k\u1ef3 t\u1ed1t cho s\u1ee9c kh\u1ecfe.<\/li>\n<\/ul>\n<p><strong>Gi\u00e1 bao g\u1ed3m:<\/strong><\/p>\n<ul>\n<li>V\u00e9 m\u00e1y bay kh\u1ee9 h\u1ed3i HAN \u2013 KIX\/\/NRT \u2013 HAN<\/li>\n<li>Ph\u00ed l\u00e0m visa &amp; th\u01b0 m\u1eddi t\u1eeb Nh\u1eadt B\u1ea3n<\/li>\n<li>Xe \u0111\u01b0a \u0111o\u0301n, tham quan theo ch\u01b0\u01a1ng tr\u0131\u0300nh<\/li>\n<li>Kh\u00e1ch s\u1ea1n 3* ti\u00eau chu\u1ea9n 2 ng\u01b0\u1eddi\/ph\u00f2ng<\/li>\n<li>C\u00e1c b\u1eefa \u0103n theo ch\u01b0\u01a1ng tr\u00ecnh (1.500 JPY\/b\u1eefa tr\u01b0a \u2013 2.000 JPY \/ b\u1eefa t\u1ed1i)<\/li>\n<li>H\u01b0\u1edbng d\u1eabn vi\u00ean du l\u1ecbch Ti\u1ebfng Vi\u1ec7t kinh nghi\u1ec7m su\u1ed1t tuy\u1ebfn \u0111i t\u1eeb Vi\u1ec7t<\/li>\n<li>Ve\u0301 tham quan va\u0300o c\u01b0\u0309a theo ch\u01b0\u01a1ng tr\u0131\u0300nh (va\u0300o c\u01b0\u0309a 1 l\u00e2\u0300n \u0111\u00e2\u0300u)<\/li>\n<li>B\u1ea3o hi\u1ec3m du l\u1ecbch qu\u1ed1c t\u1ebf<\/li>\n<li>N\u01b0\u1edbc u\u1ed1ng h\u00e0ng ng\u00e0y chai\/01 kh\u00e1ch.<\/li>\n<li>Qu\u00e0 t\u1eb7ng c\u1ee7a 365 Travel: M\u0169, v\u1ecf h\u1ed9 chi\u1ebfu<\/li>\n<\/ul>\n<p><strong>Gi\u00e1 kh\u00f4ng bao g\u1ed3m:<\/strong><\/p>\n<ul>\n<li>Tip cho guide v\u00e0 l\u00e1i xe (36 USD \/ kh\u00e1ch\/tour, t\u00ednh c\u1ea3 cho tr\u1ebb em (n\u1ebfu c\u00f3)<\/li>\n<li>Chi ph\u00ed c\u00e1 nh\u00e2n, \u0111\u1ed3 u\u1ed1ng<\/li>\n<li>C\u00e1c chi ph\u00ed ph\u00e1t sinh kh\u00e1c ngo\u00e0i ch\u01b0\u01a1ng tr\u00ecnh<\/li>\n<\/ul>\n<p><strong>Ch\u0131\u0301nh sa\u0301ch tre\u0309 em:<\/strong><\/p>\n<ul>\n<li>Tre\u0309 em d\u01b0\u01a1\u0301i 2 tu\u00f4\u0309i t\u00ednh 30% gi\u00e1 ng\u01b0\u1eddi l\u1edbn, ngu\u0309 chung gi\u01b0\u01a1\u0300ng v\u01a1\u0301i b\u00f4\u0301 me \u0323<\/li>\n<li>Tre\u0309 em 2 \u2013 d\u01b0\u01a1\u0301i 12 tu\u00f4\u0309i t\u0131\u0301nh 80% gia\u0301 ng\u01b0\u01a1\u0300i l\u01a1\u0301n, \u0103n su\u1ea5t ri\u00eang, ngu\u0309 chung gi\u01b0\u01a1\u0300ng v\u01a1\u0301i b\u00f4\u0301 me \u0323<\/li>\n<li>Tre\u0309 em 2 \u2013 d\u01b0\u01a1\u0301i 12 tu\u00f4\u0309i t\u0131\u0301nh 90% gia\u0301 ng\u01b0\u01a1\u0300i l\u01a1\u0301n, \u0103n su\u1ea5t ri\u00eang, ngu\u0309 chung v\u1edbi m\u1ed9t ng\u01b0\u1eddi l\u1edbn<\/li>\n<li>Tre\u0309 em 12 tu\u00f4\u0309i tr\u1edf l\u00ean t\u00ednh nh\u01b0 ng\u01b0\u1eddi l\u1edbn.<\/li>\n<\/ul>\n<\/div>\n<p>&nbsp;<\/p>\n","protected":false},"excerpt":{"rendered":"<p>Th\u00f4ng tin tour Gi\u1edbi thi\u1ec7u: Th\u1eddi gian h\u1ee3p l\u00fd, kh\u00f4ng khi\u1ebfn du kh\u00e1ch qu\u00e1 m\u1ec7t m\u1ecfi. T\u1eadn h\u01b0\u1edfng Nh\u1eadt B\u1ea3n m\u1ed9t c\u00e1ch tr\u1ecdn v\u1eb9n t\u1eeb nh\u1eefng v\u1ebb \u0111\u1eb9p n\u01a1i th\u00e0nh ph\u1ed1 Kyoto l\u00e3ng m\u1ea1n t\u1edbi th\u1ee7 \u0111\u00f4 Tokyo hi\u1ec7n \u0111\u1ea1i. Nh\u00ecn ng\u1eafm v\u00e0 ch\u1ee5p \u1ea3nh v\u1edbi n\u00fai Ph\u00fa S\u1ef9, bi\u1ec3u t\u01b0\u1ee3ng c\u1ee7a \u0111\u1ea5t n\u01b0\u1edbc Nh\u1eadt&#8230;<\/p>\n","protected":false},"featured_media":366,"comment_status":"open","ping_status":"closed","template":"","meta":[],"product_cat":[24],"product_tag":[],"_links":{"self":[{"href":"https:\/\/dulich.mauwebwp.com\/019\/wp-json\/wp\/v2\/product\/134"}],"collection":[{"href":"https:\/\/dulich.mauwebwp.com\/019\/wp-json\/wp\/v2\/product"}],"about":[{"href":"https:\/\/dulich.mauwebwp.com\/019\/wp-json\/wp\/v2\/types\/product"}],"replies":[{"embeddable":true,"href":"https:\/\/dulich.mauwebwp.com\/019\/wp-json\/wp\/v2\/comments?post=134"}],"wp:featuredmedia":[{"embeddable":true,"href":"https:\/\/dulich.mauwebwp.com\/019\/wp-json\/wp\/v2\/media\/366"}],"wp:attachment":[{"href":"https:\/\/dulich.mauwebwp.com\/019\/wp-json\/wp\/v2\/media?parent=134"}],"wp:term":[{"taxonomy":"product_cat","embeddable":true,"href":"https:\/\/dulich.mauwebwp.com\/019\/wp-json\/wp\/v2\/product_cat?post=134"},{"taxonomy":"product_tag","embeddable":true,"href":"https:\/\/dulich.mauwebwp.com\/019\/wp-json\/wp\/v2\/product_tag?post=134"}],"curies":[{"name":"wp","href":"https:\/\/api.w.org\/{rel}","templated":true}]}}